 z.
8
Let w be 177 + 15 + -6 + 0. What is the highest common factor of w and 124?
62
Let y be (7 + -1)*(-20)/(-30). Let c be (0 - 48/y)*-5. Let m = c - 34. Calculate the highest common factor of m and 13.
13
Let p(f) = 19*f + 2. Let k be (-1)/(-8) - 184/(-64). Let w = k - 1. Let o be p(w). What is the greatest common factor of 8 and o?
8
Suppose 10 = -2*k + 550. Suppose -4*s + 40 = 2*q, q - 13*s = -9*s + 50. What is the highest common factor of q and k?
30
Suppose 157 = 10*u - 123. Let q be (-16)/u*7*-2. Let y be (-2)/(-5) - (-358)/5. What is the highest common factor of y and q?
8
Suppose -5*q + 40 = j + 2*j, 5*q = -4*j + 45. Suppose j*z + 4*l = 15, -l + 7 = 2*z - 2. What is the greatest common factor of z and 49?
7
Suppose 533*h - 534*h + 44 = 0. Suppose 2*y + 4*x = -y + 86, -2*y = -x - 39. What is the highest common divisor of h and y?
22
Suppose -5*n = -6 - 174. Let h = n + -29. What is the highest common factor of 63 and h?
7
Suppose -4*x = -x - 105. Suppose 0*q = -2*q + 18. Suppose 0*m = -5*m + 4*r + q, 5*m - 5*r - 5 = 0. What is the highest common divisor of x and m?
5
Let p(k) = -177*k - 1. Suppose -3*c - 2*c = 5. Let r be p(c). Suppose 2*s + 5*v = 49, 5*s + 0*s + 5*v - 115 = 0. What is the highest common factor of r and s?
22
Suppose 0 = -y + 8 + 7. Suppose 4*h - 24 - 120 = 0. Let z = h - y. What is the greatest common divisor of 7 and z?
7
Let v be (-6)/(48/8)*-1001. Calculate the greatest common factor of v and 182.
91
Let q = -1153 + 1228. Calculate the greatest common divisor of 1650 and q.
75
Let r = 7 + -4. Suppose -b = r*b. Suppose 4*y + 0*y - 92 = b. What is the greatest common factor of y and 161?
23
Suppose 3*m + 4*n = 5, -4*m = -4*n + n - 15. Suppose 0 = -v - m*v - 16. Let y = v + 11. What is the highest common divisor of 28 and y?
7
Suppose 0 = 5*q - 2*q - 99. Let k = -37 + 63. Suppose -3*d = -3*z - 30, 5*d + 4*z - k = q. What is the greatest common factor of d and 11?
11
Suppose 3*r - 2*u - 95 = -3*u, 0 = 2*r - 5*u - 69. Let o = -9 + r. Calculate the greatest common divisor of 207 and o.
23
Let s = 158 - 122. What is the greatest common divisor of s and 444?
12
Suppose -15141 = -116*w + 67*w. What is the highest common factor of w and 103?
103
Let m(t) = -176*t + 11. Suppose 4*a - 2 = 14. Let d be m(a). Let p be d/(-49) + 1/(-7). Calculate the highest common factor of p and 7.
7
Let o(i) = 4*i**3 - 10*i**2 + 14*i - 46. Let n be o(3). What is the highest common factor of 406 and n?
14
Suppose 10*x + 476 = 1596. What is the greatest common factor of 16 and x?
16
Let t be (-6)/45 - (-244)/(-120)*-4. Let p = 197 - 89. Suppose p = 4*l + t. Calculate the highest common divisor of l and 5.
5
Let p(j) = 7*j - 3. Let k be p(5). Let w(c) = -c**3 + 13*c**2 + 19*c - 62. Let v be w(14). Calculate the greatest common factor of k and v.
8
Suppose -3*q - 12 = 2*u, 4*q + 4*u + 17 = 1. Let b be q/(5/(315/(-6))). Let p = -207 + 213. Calculate the greatest common divisor of p and b.
6
Let z be (16/32)/((-1)/(-586)) + 1. What is the highest common factor of z and 42?
42
Let h be 13 - (-2 - (1 + 0)). Suppose 22 + 14 = 4*s. Let r = 15 + s. Calculate the highest common divisor of h and r.
8
Let f(y) = y**2 + y + 10. Let b = -27 - -27. Let l be f(b). What is the highest common factor of 80 and l?
10
Let k(j) be the second derivative of -1/2*j**2 + 1/12*j**4 + 2/3*j**3 + 11*j + 0. Let i be k(-5). Calculate the greatest common factor of 6 and i.
2
Let b = 592 - 577. Calculate the greatest common factor of 135 and b.
15
Let g(v) = 7*v - 20. Let f be g(3). What is the highest common factor of 109 and f?
1
Let h be (-7 + 9)*(-2)/(-4). Let c(l) = h - 3 + 6*l + 0. Let j be c(6). Calculate the highest common factor of j and 17.
17
Let f = -314 + 324. Let n(d) = -d**3 + 3*d**2 + 4*d. Let w be n(4). Suppose w = -k + 8 + 7. Calculate the highest common divisor of f and k.
5
Let h = 13 - 6. Let i be -1*((-6)/3 - h). Let c be (-9)/3 + i + -3. What is the greatest common factor of c and 27?
3
Suppose 2*y + 2*y + 0*y = 0. Suppose 2*i - 282 = q - 4*q, y = -q - 5*i + 81. What is the greatest common divisor of 24 and q?
24
Suppose -4 = -0*k + 4*k, -3*k + 117 = 4*w. Suppose -d + 6 + 4 = 0. What is the highest common factor of d and w?
10
Let x = 195 + -193. Calculate the greatest common divisor of 8 and x.
2
Suppose 0 = 5*o - o - 20, -2*o = 4*t - 706. Calculate the greatest common divisor of t and 6.
6
Let j = 370 - 362. Calculate the highest common divisor of j and 92.
4
Let r = 467 + -432. Calculate the greatest common divisor of r and 14.
7
Suppose -3*l = 3*v + 285, -2*l - 281 = 5*v - 2*v. Let c be (v/2)/(23/(-46)). Calculate the greatest common factor of 13 and c.
13
Let s(r) = -16*r**3 + 4*r**2 - 2*r - 9. Let z be s(-3). Calculate the greatest common factor of z and 62.
31
Suppose -4*s + 6 = -3*p, -3*p + 3 = -s - 0. Suppose 0*d = -3*d - 2*w + 31, p*d - 34 = -4*w. Calculate the greatest common factor of 7 and d.
7
Let g(z) = 2*z. Let n be g(9). Suppose s = 5*q + 3*s - 38, -2*q - 4*s + 28 = 0. What is the greatest common factor of n and q?
6
Let g(a) = 4*a**2. Let t be g(1). Suppose t*z - 2*z = 32. Suppose -w + z + 65 = 0. Calculate the highest common divisor of 9 and w.
9
Let f = 712 - 692. Let r be (44/(-6) - -4)*-30. What is the highest common divisor of r and f?
20
Suppose -210 = -169*p + 154*p. What is the highest common factor of 70 and p?
14
Suppose -600 = 29*w - 49*w. Calculate the highest common factor of 6 and w.
6
Let l(n) = -2*n**3 + n**2 + n - 1. Let z be l(1). Suppose 5*u = -14 - 6. Let p be z/(-1 - u/8). Calculate the highest common divisor of p and 22.
2
Suppose 0*s + s = -4*k + 53, s = 2*k - 31. What is the greatest common factor of k and 154?
14
Let z = -145 - -208. Suppose -3*v + 4*s + 16 = 0, 0 = -2*v - 2*v - 3*s + z. What is the highest common factor of v and 12?
12
Let h(c) = -c**3 + 9*c**2 + 17*c + 7. Let v be h(-4). Calculate the greatest common divisor of 21 and v.
21
Suppose 9 = 2*y + 5*d - 5, 2*y = d + 26. Suppose 2*j = -5*g + 6, -4*g = j + 3*j - y. Suppose g = -5*t + t + 276. What is the highest common factor of t and 23?
23
Let h(o) = -36*o**3 - o**2 + o + 1. Suppose 5*s - 7 = 4*r, -2*s - 8 = -3*s + 3*r. Let y be h(s). Calculate the greatest common divisor of y and 14.
7
Suppose h + 6 + 6 = 0. Let m = -21 - h. Let c = 9 - m. What is the greatest common divisor of 54 and c?
18
Suppose -4*u - 5*d = -540, -3*u = 4*d - 168 - 237. Let l = u + -119. Let j be 3*-1*(-8)/6. Calculate the highest common divisor of j and l.
4
Suppose 25 = 2*m + 4*r - 31, 2*m - 4*r - 72 = 0. What is the greatest common divisor of 1 and m?
1
Let l(g) be the first derivative of g**3/3 + 3*g**2/2 - 10*g - 9. Let m be l(-8). What is the greatest common factor of 150 and m?
30
Let k be (-2*1)/((-2)/6). Suppose 0*b = 10*b - 540. Calculate the greatest common factor of b and k.
6
Let b(c) = -c**2 + 25*c - 20. Let p be b(24). Suppose -p*q = -10*q + 84. Suppose 27 + 29 = 4*o. What is the greatest common factor of q and o?
14
Let m(t) = 5*t**2 + 8*t - 7. Suppose 0*l + 4*l - 4*c - 16 = 0, -l - 2*c - 2 = 0. Let n be m(l). What is the highest common factor of n and 29?
29
Let o = 1377 - 1350. What is the greatest common factor of 288 and o?
9
Suppose 5*l - 2*b = -5916, 3*l = 5*l - 4*b + 2376. Let w be (-10)/(-8) - 2 - l/8. Calculate the greatest common factor of w and 49.
49
Suppose -4*u = u - 3*s - 1333, s + 1 = 0. What is the greatest common divisor of 14 and u?
14
Suppose -815 = -7*l + 445. What is the greatest common factor of l and 40?
20
Suppose 37*j - 10110 = 18898. Calculate the greatest common divisor of 49 and j.
49
Suppose -38*u + 11760 = 10*u. What is the greatest common divisor of 98 and u?
49
Suppose 3*r = -60 + 222. Suppose -3*g + 0*g + r = 0. Let o = -1 - -10. Calculate the highest common factor of o and g.
9
Let s = 62 - 88. Let j = -11 - s. Let f be 522/j - 3/(-15). What is the greatest common factor of f and 7?
7
Suppose -t - 26 = -4*z, -3*t + 3*z - 3 = -5*t. Let j(k) = -k + 15. Let x be j(t). Let l = -1 + 4. Calculate the greatest common divisor of x and l.
3
Suppose w + 4*w = 100. Suppose 4*h - w = -h. What is the greatest common divisor of 32 and h?
4
Let n(d) = 34*d**3 - 3*d**2 - d + 3. Let s be n(1). What is the highest common factor of s and 22?